a multiple of 186?
False
Is 25 a factor of 1550?
True
Is 39 a factor of 286308?
False
Is 139 a factor of 87848?
True
Is 1093631 a multiple of 84?
False
Is 73 a factor of 186327?
False
Is 53736 a multiple of 9?
False
Is 26 a factor of 870350?
True
Is 2 a factor of 3833?
False
Does 275 divide 3328133?
False
Is 151236 a multiple of 9?
True
Does 235 divide 6394115?
True
Is 806630 a multiple of 94?
False
Is 218010 a multiple of 78?
True
Is 31778 a multiple of 34?
False
Does 21 divide 43407?
True
Does 333 divide 2315380?
False
Does 210 divide 978180?
True
Does 59 divide 2121227?
True
Is 9 a factor of 2054844?
True
Does 9 divide 952434?
True
Does 2 divide 1126397?
False
Is 30 a factor of 7551780?
True
Is 662298 a multiple of 373?
False
Does 65 divide 7579?
False
Does 14 divide 202286?
True
Is 85265 a multiple of 45?
False
Does 418 divide 170962?
True
Does 119 divide 21149?
False
Does 83 divide 819459?
True
Is 353319 a multiple of 338?
False
Does 108 divide 64584?
True
Is 161898 a multiple of 22?
True
Is 19 a factor of 111017?
True
Is 251160 a multiple of 483?
True
Does 222 divide 251446?
False
Does 43 divide 781826?
True
Is 41177 a multiple of 16?
False
Is 3686110 a multiple of 34?
True
Is 3 a factor of 292599?
True
Does 78 divide 1854684?
True
Is 215164 a multiple of 20?
False
Does 569 divide 4209071?
False
Is 480765 a multiple of 50?
False
Is 4 a factor of 24664?
True
Does 3 divide 464643?
True
Is 135 a factor of 152945?
False
Does 2 divide 81293?
False
Is 8675600 a multiple of 200?
True
Does 334 divide 1373074?
True
Is 33 a factor of 516135?
False
Is 123 a factor of 223860?
True
Does 55 divide 2668517?
False
Does 41 divide 1763404?
False
Is 494107 a multiple of 3?
False
Is 201464 a multiple of 35?
False
Does 25 divide 159075?
True
Is 174 a factor of 12601275?
False
Is 8419500 a multiple of 45?
True
Is 22946125 a multiple of 15?
False
Does 13 divide 1380581?
False
Is 1404 a multiple of 9?
True
Does 37 divide 17982?
True
Is 222 a factor of 1001798?
False
Is 260 a factor of 166415?
False
Is 4 a factor of 1745132?
True
Is 33700 a multiple of 100?
True
Does 90 divide 2646790?
False
Is 53 a factor of 3943566?
False
Does 39 divide 586843?
False
Is 678848 a multiple of 16?
True
Does 156 divide 42445?
False
Is 5588271 a multiple of 56?
False
Is 6 a factor of 202895?
False
Is 283709 a multiple of 14?
False
Is 128430 a multiple of 9?
True
Does 5 divide 1608837?
False
Is 16898136 a multiple of 136?
True
Is 10 a factor of 370398?
False
Does 164 divide 5870216?
True
Is 105456 a multiple of 73?
False
Is 126506 a multiple of 43?
True
Is 11742 a multiple of 8?
False
Does 666 divide 1159506?
True
Is 129162 a multiple of 103?
True
Is 15 a factor of 11294368?
False
Is 273814 a multiple of 97?
False
Is 1885908 a multiple of 50?
False
Is 584 a factor of 334048?
True
Does 115 divide 78775?
True
Is 10 a factor of 243960?
True
Does 592 divide 2190992?
True
Does 245 divide 18140057?
False
Does 48 divide 14592?
True
Is 212 a factor of 718044?
True
Is 592 a factor of 468320?
False
Is 38662 a multiple of 256?
False
Is 420 a factor of 127260?
True
Is 8399566 a multiple of 14?
True
Is 2 a factor of 9965?
False
Does 19 divide 627730?
False
Does 154 divide 25663?
False
Is 287 a factor of 12746212?
False
Is 71232 a multiple of 84?
True
Is 591 a factor of 348356?
False
Does 54 divide 1263006?
True
Does 3 divide 49791?
True
Is 49 a factor of 2441229?
True
Is 126243 a multiple of 249?
True
Is 68908 a multiple of 107?
True
Is 126 a factor of 2274068?
False
Is 1311000 a multiple of 190?
True
Is 868795 a multiple of 32?
False
Is 1081 a factor of 4461287?
True
Is 22 a factor of 15429914?
False
Is 111982 a multiple of 118?
True
Is 1094604 a multiple of 48?
False
Does 76 divide 5342572?
True
Is 3208906 a multiple of 86?
False
Is 61 a factor of 94062?
True
Does 92 divide 194188?
False
Is 863582 a multiple of 77?
False
Is 22 a factor of 43103?
False
Is 13260 a multiple of 4?
True
Does 18 divide 383436?
True
Is 17 a factor of 10105?
False
Does 32 divide 308329?
False
Is 14 a factor of 123844?
True
Does 265 divide 1601925?
True
Is 36 a factor of 1217304?
True
Is 135410 a multiple of 110?
True
Is 5 a factor of 871890?
True
Is 8 a factor of 544226?
False
Is 54672 a multiple of 8?
True
Is 143 a factor of 1197365?
False
Does 5 divide 614462?
False
Does 13 divide 822346?
False
Does 166 divide 7682236?
False
Is 14724389 a multiple of 8?
False
Is 5224323 a multiple of 501?
False
Is 1134531 a multiple of 316?
False
Does 5 divide 34165?
True
Is 324364 a multiple of 54?
False
Is 10 a factor of 36526510?
True
Does 4 divide 2213859?
False
Does 5 divide 683235?
True
Does 7 divide 1292297?
False
Does 573 divide 674994?
True
Does 49 divide 8180354?
True
Does 24 divide 10716600?
True
Is 152 a factor of 367840?
True
Is 67 a factor of 1012685?
False
Does 255 divide 2894482?
False
Is 2852 a factor of 23323059?
False
Does 4 divide 676688?
True
Does 601 divide 261904?
False
Does 61 divide 160247?
True
Does 10 divide 70451?
False
Is 459 a factor of 376792?
False
Does 1138 divide 21868373?
False
Does 166 divide 1326672?
True
Is 17 a factor of 198151?
False
Does 8 divide 88567?
False
Is 22 a factor of 603324?
False
Is 524718 a multiple of 158?
True
Is 87805 a multiple of 98?
False
Is 465 a factor of 311447?
False
Is 40109 a multiple of 19?
True
Is 8 a factor of 110692?
False
Is 623105 a multiple of 665?
True
Is 1546716 a multiple of 2?
True
Is 45875 a multiple of 10?
False
Does 17 divide 5471?
False
Is 4 a factor of 775823?
False
Is 197 a factor of 4295388?
True
Does 337 divide 22672012?
True
Is 192617 a multiple of 495?
False
Is 3299283 a multiple of 14?
False
Is 30 a factor of 20946870?
True
Does 264 divide 739011?
False
Is 262892 a multiple of 82?
True
Is 76657 a multiple of 38?
False
Does 66 divide 3024120?
True
Is 207 a factor of 1953204?
False
Is 7825 a multiple of 25?
True
Is 613 a factor of 1206824?
False
Is 25 a factor of 13984050?
True
Is 48 a factor of 28188589?
False
Is 1191052 a multiple of 4?
True
Does 12 divide 275234?
False
Is 18 a factor of 5796?
True
Is 268 a factor of 1074412?
True
Is 252552 a multiple of 13?
False
Is 218 a factor of 142790?
True
Is 93 a factor of 313388?
False
Is 23030 a multiple of 5?
True
Does 289 divide 11990032?
True
Does 66 divide 929676?
True
Is 76707 a multiple of 137?
False
Is 275 a factor of 172975?
True
Does 336 divide 12238464?
True
Is 132 a factor of 3002872?
False
Does 106 divide 5006242?
False
Is 194978 a multiple of 38?
True
Is 58 a factor of 315681?
False
Does 86 divide 49106?
True
Is 28303124 a multiple of 24?
False
Is 275 a factor of 2356861?
False
Is 17 a factor of 19260082?
True
Does 82 divide 28864?
True
Is 49 a factor of 1710737?
True
Is 6 a factor of 50130?
True
Is 2392555 a multiple of 451?
True
Does 34 divide 297058?
True
Is 78 a factor of 94040?
False
Does 7 divide 1541316?
True
Is 12798 a multiple of 21?
False
Is 2 a factor of 29031?
False
Is 273 a factor of 5997413?
False
Does 12 divide 4244076?
True
Does 41 divide 58589?
True
Is 64570 a multiple of 17?
False
Is 1124362 a multiple of 16?
False
Is 132 a factor of 1442893?
False
Is 134279 a multiple of 12?
False
Is 108414 a multiple of 38?
True
Is 248325 a multiple of 25?
True
Is 19 a factor of 213839?
False
Is 2310 a multiple of 77?
True
Is 17 a factor of 1607277?
False
Is 338791 a multiple of 433?
False
Is 1040575 a multiple of 25?
True
Does 208 divide 23385?
False
Does 155 divide 385485?
True
Is 17 a factor of 1393804?
False
Does 46 divide 1689948?
True
Is 5626902 a multiple of 249?
True
Is 115776 a multiple of 6?
True
Is 76 a factor of 718352?
True
Does 360 divide 121629?
False
Does 271 divide 220021?
False
Is 156 a factor of 256620?
True
Does 3 divide 41103?
True
Does 48 divide 3805680?
True
Does 386 divide 281008?
True
Is 16 a factor of 380768?
True
Is 584154 a multiple of 69?
True
Is 354 a factor of 4014714?
True
Does 11 divide 302216?
False
Does 201 divide 344838?
False
Is 352 a factor of 1925440?
True
Is 536302 a multiple of 26?
True
Does 14 divide 23135?
False
Is 198968 a multiple of 76?
True
Is 15 a factor of 2516910?
True
Does 17 divide 49429?
False
Is 133 a factor of 272139?
False
Is 152280 a multiple of 81?
True
Is 266294 a multiple of 246?
False
Does 598 divide 461656?
True
Is 703272 a